{"id":15,"date":"2022-06-21T09:26:12","date_gmt":"2022-06-21T09:26:12","guid":{"rendered":"http:\/\/www.lanzamarexplotaciones.es\/?page_id=15"},"modified":"2022-06-21T09:26:18","modified_gmt":"2022-06-21T09:26:18","slug":"aviso-legal","status":"publish","type":"page","link":"https:\/\/www.lanzamarexplotaciones.es\/index.php\/aviso-legal\/","title":{"rendered":"Aviso Legal"},"content":{"rendered":"<p>[et_pb_section fb_built=\u00bb1&#8243; theme_builder_area=\u00bbpost_content\u00bb _builder_version=\u00bb4.17.4&#8243; _module_preset=\u00bbdefault\u00bb][et_pb_row _builder_version=\u00bb4.17.4&#8243; _module_preset=\u00bbdefault\u00bb theme_builder_area=\u00bbpost_content\u00bb][et_pb_column _builder_version=\u00bb4.17.4&#8243; _module_preset=\u00bbdefault\u00bb type=\u00bb4_4&#8243; theme_builder_area=\u00bbpost_content\u00bb][et_pb_text _builder_version=\u00bb4.17.4&#8243; _module_preset=\u00bbdefault\u00bb theme_builder_area=\u00bbpost_content\u00bb hover_enabled=\u00bb0&#8243; sticky_enabled=\u00bb0&#8243;]<\/p>\n<div id=\"main-content\">\n<div class=\"container\">\n<div id=\"content-area\" class=\"clearfix\">\n<div id=\"left-area\">\n<article id=\"post-3958\" class=\"post-3958 page type-page status-publish hentry\">\n<h1 class=\"entry-title main_title\">Aviso Legal<\/h1>\n<div class=\"entry-content\">\n<p><strong>1. AVISO LEGAL Y T\u00c9RMINOS DE USO<\/strong><\/p>\n<p>Cumplimos con el deber de informaci\u00f3n recogido en art\u00edculo 10 de la Ley 34\/2002, de 11 de julio, de Servicios de la Sociedad de la Informaci\u00f3n y del Comercio Electr\u00f3nico, a continuaci\u00f3n, se hace constar:<\/p>\n<p><strong>1.1. Datos identificativos del responsable<\/strong><\/p>\n<p>Tal y como recoge la Ley 34\/2002, de 11 de julio, de servicios de la sociedad de la informaci\u00f3n y de comercio electr\u00f3nico, te informo que:<\/p>\n<ul>\n<li>Mi denominaci\u00f3n social es: Lanzamar Explotaciones S.L.<\/li>\n<li>Mi CIF es B76334028<\/li>\n<li>Mi domicilio social se encuentra en C\/ El berrugo 2, Local 47B, Puerto Deportivo Marina Rubic\u00f3n, 35580 Playa Blanca.<\/li>\n<li>Email: info@bistrodelpuerto.com<\/li>\n<li>Mi actividad social es: la hosteler\u00eda<\/li>\n<\/ul>\n<p><strong>1.2. Finalidad de la p\u00e1gina web.<\/strong><\/p>\n<p>Los servicios prestados por el responsable de la p\u00e1gina web son los siguientes:<\/p>\n<ul>\n<li>La venta de formaci\u00f3n online y presencial sobre desarrollo personal y servicios de consultor\u00eda.<\/li>\n<li>Gestionar la lista de suscriptores y usuarios adscritos a la web.<\/li>\n<li>Suministro de contenidos en el blog<\/li>\n<\/ul>\n<p><strong>1.3. Usuarios:<\/strong><\/p>\n<p>El acceso y\/o uso de este sitio web atribuye la condici\u00f3n de USUARIO, que acepta, desde dicho acceso y\/o uso,\u00a0los presentes t\u00e9rminos de uso, no obstante, por el mero uso de la p\u00e1gina web no significa el inicio de relaci\u00f3n laboral\/comercial alguna.<\/p>\n<p><strong>1.4. Uso del sitio web y captura de informaci\u00f3n:<\/strong><\/p>\n<p><strong>1.4.1 USO DEL SITIO WEB<\/strong><\/p>\n<p>La p\u00e1gina web<span>\u00a0<\/span><strong><a href=\"https:\/\/www.bistrodelpuerto.com\/\">https:\/\/www.bistrodelpuerto.com<\/a><\/strong><span>\u00a0<\/span>en adelante\u00a0<strong>(LA WEB)<\/strong>\u00a0proporciona el acceso a art\u00edculos, informaciones, servicios y datos (en adelante, \u201clos contenidos\u201d) propiedad de<span>\u00a0<\/span><strong>Bistro del Puerto<\/strong>. El USUARIO asume la responsabilidad del uso de la web.<\/p>\n<p>El USUARIO se compromete a hacer un uso adecuado de los contenidos que se ofrecen a trav\u00e9s de la web y con car\u00e1cter enunciativo, pero no limitativo, a no emplearlos para:<\/p>\n<p>(a) incurrir en actividades il\u00edcitas, ilegales o contrarias a la buena fe y al orden p\u00fablico;<\/p>\n<p>(b) difundir contenidos o propaganda de car\u00e1cter racista, xen\u00f3fobo, pornogr\u00e1fico-ilegal, de apolog\u00eda del terrorismo o atentatorio contra los derechos humanos;<\/p>\n<p>(c) provocar da\u00f1os en los sistemas f\u00edsicos y l\u00f3gicos de la web, de sus proveedores o de terceras personas, introducir o difundir en la red virus inform\u00e1ticos o cualesquiera otros sistemas f\u00edsicos o l\u00f3gicos que sean susceptibles de provocar los da\u00f1os anteriormente mencionados;<\/p>\n<p>(d) intentar acceder y, en su caso, utilizar las cuentas de correo electr\u00f3nico de otros usuarios y modificar o manipular sus mensajes.<\/p>\n<p><strong>Bistro del Puerto\u00a0<\/strong>se reserva el derecho de retirar todos aquellos comentarios y aportaciones que vulneren el respeto a la dignidad de la persona, que sean discriminatorios, xen\u00f3fobos, racistas, pornogr\u00e1ficos, que atenten contra la juventud o la infancia, el orden o la seguridad p\u00fablica o que, a su juicio, no resultaran adecuados para su publicaci\u00f3n.<\/p>\n<p>En cualquier caso,\u00a0<strong>Bistro del Puerto<\/strong>\u00a0no ser\u00e1 responsable de las opiniones vertidas por los usuarios a trav\u00e9s del blog u otras herramientas de participaci\u00f3n que puedan crearse, conforme a lo previsto en la normativa de aplicaci\u00f3n.<\/p>\n<p><strong>1.4.2 Captura de informaci\u00f3n<\/strong><\/p>\n<p>\u2013 Formulario de contacto, donde el USUARIO deber\u00e1 rellenar el campo de correo electr\u00f3nico, asunto y nombre.<\/p>\n<p>\u2013 Formulario de suscripci\u00f3n, rellenando el USUARIO los campos necesarios para la suscripci\u00f3n a la web con los campos de nombre, y email<\/p>\n<p>\u2013 Formulario de venta, rellenando el USUARIO los campos necesarios para la venta con los campos de nombre, email, direcci\u00f3n y DNI.<\/p>\n<p>\u2013 Cookies de rastreo, conforme a las reglas establecida en nuestra pol\u00edtica de cookies<\/p>\n<p>\u2013 Navegaci\u00f3n y Direcci\u00f3n IP: Al navegar por esta web, el usuario facilita de forma autom\u00e1tica al servidor de la web informaci\u00f3n relativa a tu direcci\u00f3n IP, fecha y hora de acceso, el hiperv\u00ednculo que le ha reenviado a \u00e9stas, tu sistema operativo y el navegador utilizado.<\/p>\n<p>En todo caso\u00a0<strong>Bistro del Puerto<\/strong>\u00a0se reserva el derecho de modificar, en cualquier momento y sin necesidad de previo aviso, la presentaci\u00f3n y configuraci\u00f3n de la web<span>\u00a0<\/span><strong><a href=\"https:\/\/www.bistrodelpuerto.com\/\">https:\/\/www.bistrodelpuerto.com<\/a><\/strong><span>\u00a0<\/span>como el presente aviso legal.<\/p>\n<ol start=\"2\">\n<li><strong>PROPIEDAD INTELECTUAL E INDUSTRIAL:<\/strong><\/li>\n<\/ol>\n<p><strong>Bistro del Puerto\u00a0<\/strong>por s\u00ed o como cesionario, es titular de todos los derechos de propiedad intelectual e industrial de su p\u00e1gina web, as\u00ed como de los elementos contenidos en la misma (a t\u00edtulo enunciativo, im\u00e1genes, sonido, audio, v\u00eddeo, software o textos; marcas o logotipos, combinaciones de colores, estructura y dise\u00f1o, selecci\u00f3n de materiales usados, programas de ordenador necesarios para su funcionamiento, acceso y uso, etc.), titularidad de<strong>\u00a0Bistro del Puerto\u00a0<\/strong>o bien de sus licenciantes. Todos los derechos reservados.<\/p>\n<p>Cualquier uso no autorizado previamente por\u00a0<strong>Bistro del Puerto\u00a0<\/strong>ser\u00e1 considerado un incumplimiento grave de los derechos de propiedad intelectual o industrial del autor.<\/p>\n<p>Quedan expresamente prohibidas la reproducci\u00f3n, la distribuci\u00f3n y la comunicaci\u00f3n p\u00fablica, incluida su modalidad de puesta a disposici\u00f3n, de la totalidad o parte de los contenidos de esta p\u00e1gina web, con fines comerciales, en cualquier soporte y por cualquier medio t\u00e9cnico, sin la autorizaci\u00f3n de\u00a0<strong>Bistro del Puerto<\/strong>.<\/p>\n<p>El USUARIO se compromete a respetar los derechos de Propiedad Intelectual e Industrial titularidad de<strong>\u00a0Bistro del Puerto<\/strong>. Podr\u00e1 visualizar \u00fanicamente los elementos de la web sin posibilidad de imprimirlos, copiarlos o almacenarlos en el disco duro de su ordenador o en cualquier otro soporte f\u00edsico. El USUARIO deber\u00e1 abstenerse de suprimir, alterar, eludir o manipular cualquier dispositivo de protecci\u00f3n o sistema de seguridad que estuviera instalado en las p\u00e1ginas de\u00a0<strong>Bistro del Puerto<\/strong>.<\/p>\n<p>Queda terminantemente prohibido compartir la licencia para uso con m\u00e1s personas,\u00a0<strong>cada licencia es personal e intransferible reserv\u00e1ndonos cuantas acciones civiles y penales nos asistan en aras de salvaguardar nuestros derechos<\/strong>, todo ello bajo apercibimiento de incurrir en un delito contra la propiedad intelectual del art. 270 y del C\u00f3digo Penal con penas de prisi\u00f3n de hasta 4 a\u00f1os.<\/p>\n<ol start=\"3\">\n<li><strong>EXCLUSI\u00d3N DE GARANT\u00cdAS Y RESPONSABILIDAD<\/strong><\/li>\n<\/ol>\n<p><strong>Bistro del Puerto\u00a0<\/strong>no se hace responsable, en ning\u00fan caso, de los da\u00f1os y perjuicios de cualquier naturaleza que pudieran ocasionar, a t\u00edtulo enunciativo: por errores u omisiones en los contenidos, por falta de disponibilidad del sitio web, \u2013 el cual realizar\u00e1 paradas peri\u00f3dicas por mantenimientos t\u00e9cnicos \u2013 as\u00ed como por la transmisi\u00f3n de virus o programas maliciosos o lesivos en los contenidos, a pesar de haber adoptado todas las medidas tecnol\u00f3gicas necesarias para evitarlo.<\/p>\n<ol start=\"4\">\n<li><strong>MODIFICACIONES<\/strong><\/li>\n<\/ol>\n<p><strong>Bistro del Puerto\u00a0<\/strong>se reserva el derecho de efectuar sin previo aviso las modificaciones que considere oportunas en su web, pudiendo cambiar, suprimir o a\u00f1adir tanto los contenidos y servicios que se presten a trav\u00e9s de esta como la forma en la que \u00e9stos aparezcan presentados o localizados en su web.<\/p>\n<ol start=\"5\">\n<li><strong>POL\u00cdTICA DE ENLACES<\/strong><\/li>\n<\/ol>\n<p>Las personas o entidades que pretendan realizar o realicen un hiperenlace desde una p\u00e1gina web de otro portal de Internet a la web de\u00a0<strong>Bistro del Puerto\u00a0<\/strong>deber\u00e1 someterse las siguientes condiciones:<\/p>\n<p>\u2013 No se permite la reproducci\u00f3n total o parcial de ninguno de los servicios ni contenidos del sitio web sin la previa autorizaci\u00f3n expresa de\u00a0<strong>Bistro del Puerto.<\/strong><\/p>\n<p>\u2013 No se establecer\u00e1n deep-links ni enlaces IMG o de imagen, ni frames con la web de\u00a0<strong>Bistro del Puerto\u00a0<\/strong>sin su previa autorizaci\u00f3n expresa.<\/p>\n<p>\u2013 No se establecer\u00e1 ninguna manifestaci\u00f3n falsa, inexacta o incorrecta sobre la web de<span>\u00a0<\/span><strong>Bistro del Puerto<\/strong>, ni sobre los servicios o contenidos de esta. Salvo aquellos signos que formen parte del hiperv\u00ednculo, la p\u00e1gina web en la que se establezca no contendr\u00e1 ninguna marca, nombre comercial, r\u00f3tulo de establecimiento, denominaci\u00f3n, logotipo, eslogan u otros signos distintivos pertenecientes a\u00a0<strong>Bistro del Puerto<\/strong>, salvo autorizaci\u00f3n expresa de \u00e9ste.<\/p>\n<p>\u2013 El establecimiento del hiperv\u00ednculo no implicar\u00e1 la existencia de relaciones entre\u00a0<strong>Bistro del Puerto\u00a0<\/strong>y el titular de la p\u00e1gina web o del portal desde el cual se realice, ni el conocimiento y aceptaci\u00f3n de\u00a0<strong>Bistro del Puerto\u00a0<\/strong>de los servicios y contenidos ofrecidos en dicha p\u00e1gina web o portal.<\/p>\n<p>\u2013\u00a0<strong>Bistro del Puerto\u00a0<\/strong>no ser\u00e1 responsable de los contenidos o servicios puestos a disposici\u00f3n del p\u00fablico en la p\u00e1gina web o portal desde el cual se realice el hiperv\u00ednculo, ni de las informaciones y manifestaciones incluidas en los mismos.<\/p>\n<p>El sitio web de\u00a0<strong>Bistro del Puerto\u00a0<\/strong>puede poner a disposici\u00f3n del usuario conexiones y enlaces a otros sitios web gestionados y controlados por terceros. Dichos enlaces tienen como exclusiva funci\u00f3n, la de facilitar a los usuarios la b\u00fasqueda de informaci\u00f3n, contenidos y servicios en Internet, sin que en ning\u00fan caso pueda considerarse una sugerencia, recomendaci\u00f3n o invitaci\u00f3n para la visita de estos.<\/p>\n<p><strong>Bistro del Puerto\u00a0<\/strong>no comercializa, ni dirige, ni controla previamente, ni hace propios los contenidos, servicios, informaciones y manifestaciones disponibles en dichos sitios web.<\/p>\n<p><strong>Bistro del Puerto\u00a0<\/strong>no asume ning\u00fan tipo de responsabilidad, ni siquiera de forma indirecta o subsidiaria, por los da\u00f1os y perjuicios de toda clase que pudieran derivarse del acceso, mantenimiento, uso, calidad, licitud, fiabilidad y utilidad de los contenidos, informaciones, comunicaciones, opiniones, manifestaciones, productos y servicios existentes u ofrecidos en los sitios web no gestionados por\u00a0<strong>Bistro del Puerto\u00a0<\/strong>y que resulten accesibles a trav\u00e9s de<strong>\u00a0Bistro del Puerto<\/strong><\/p>\n<ol start=\"6\">\n<li><strong>DERECHO DE EXCLUSI\u00d3N<\/strong><\/li>\n<\/ol>\n<p><strong>Bistro del Puerto\u00a0<\/strong>se reserva el derecho a denegar o retirar el acceso al portal y\/o los servicios ofrecidos sin necesidad de preaviso, a instancia propia o de un tercero, a aquellos usuarios que incumplan las presentes Condiciones Generales de Uso.<\/p>\n<ol start=\"7\">\n<li><strong>GENERALIDADES<\/strong><\/li>\n<\/ol>\n<p><strong>Bistro del Puerto\u00a0<\/strong>perseguir\u00e1 el incumplimiento de las presentes condiciones, as\u00ed como cualquier utilizaci\u00f3n indebida de su web ejerciendo todas las acciones civiles y penales que le puedan corresponder en derecho.<\/p>\n<ol start=\"8\">\n<li><strong>MODIFICACI\u00d3N DE LAS PRESENTES CONDICIONES Y DURACI\u00d3N<\/strong><\/li>\n<\/ol>\n<p><strong>Bistro del Puerto\u00a0<\/strong>podr\u00e1 modificar en cualquier momento las condiciones aqu\u00ed determinadas, siendo debidamente publicadas como aqu\u00ed aparecen. La vigencia de las citadas condiciones ir\u00e1 en funci\u00f3n de su exposici\u00f3n y estar\u00e1n vigentes hasta que sean modificadas por otras debidamente publicadas.<\/p>\n<ol start=\"9\">\n<li><strong>RECLAMACIONES Y DUDAS<\/strong><\/li>\n<\/ol>\n<p><strong>Bistro del Puerto\u00a0<\/strong>informa que existen hojas de reclamaci\u00f3n a disposici\u00f3n de usuarios y clientes pudiendo remitir un correo a info@bistrodelpuerto.com indicando su nombre y apellidos, el servicio o producto adquirido y exponiendo los motivos de su reclamaci\u00f3n.<\/p>\n<p>Tambi\u00e9n puede dirigir su reclamaci\u00f3n por correo postal dirigido a:\u00a0<strong>Bistro del Puerto, Calle el Berrugo 2, Local 47B, 35580 Playa Blanca. Lanzarote<\/strong><\/p>\n<ol start=\"10\">\n<li><strong>LEGISLACI\u00d3N APLICABLE Y JURISDICCI\u00d3N<\/strong><\/li>\n<\/ol>\n<p>La relaci\u00f3n entre\u00a0<strong>Bistro del Puerto\u00a0<\/strong>y el USUARIO se regir\u00e1 por la normativa espa\u00f1ola vigente y cualquier controversia se someter\u00e1 a los Juzgados y tribunales de la ciudad de Guadalajara, salvo que la Ley aplicable disponga otra cosa.<\/p>\n<\/div>\n<\/article>\n<\/div>\n<\/div>\n<\/div>\n<\/div>\n<footer class=\"et-l et-l--footer\">\n<div class=\"et_builder_inner_content et_pb_gutters3\">\n<div class=\"et_pb_section et_pb_section_0_tb_footer et_pb_with_background et_section_regular\">\n<div class=\"et_pb_row et_pb_row_0_tb_footer\">\n<div class=\"et_pb_column et_pb_column_4_4 et_pb_column_0_tb_footer  et_pb_css_mix_blend_mode_passthrough et-last-child\"><\/div>\n<\/div>\n<\/div>\n<\/div>\n<\/footer>\n<p>[\/et_pb_text][\/et_pb_column][\/et_pb_row][\/et_pb_section]<\/p>\n","protected":false},"excerpt":{"rendered":"<p>Aviso Legal 1. AVISO LEGAL Y T\u00c9RMINOS DE USO Cumplimos con el deber de informaci\u00f3n recogido en art\u00edculo 10 de la Ley 34\/2002, de 11 de julio, de Servicios de la Sociedad de la Informaci\u00f3n y del Comercio Electr\u00f3nico, a continuaci\u00f3n, se hace constar: 1.1. Datos identificativos del responsable Tal y como recoge la Ley [&hellip;]<\/p>\n","protected":false},"author":1,"featured_media":0,"parent":0,"menu_order":0,"comment_status":"closed","ping_status":"closed","template":"","meta":{"_et_pb_use_builder":"on","_et_pb_old_content":"","_et_gb_content_width":"","footnotes":""},"_links":{"self":[{"href":"https:\/\/www.lanzamarexplotaciones.es\/index.php\/wp-json\/wp\/v2\/pages\/15"}],"collection":[{"href":"https:\/\/www.lanzamarexplotaciones.es\/index.php\/wp-json\/wp\/v2\/pages"}],"about":[{"href":"https:\/\/www.lanzamarexplotaciones.es\/index.php\/wp-json\/wp\/v2\/types\/page"}],"author":[{"embeddable":true,"href":"https:\/\/www.lanzamarexplotaciones.es\/index.php\/wp-json\/wp\/v2\/users\/1"}],"replies":[{"embeddable":true,"href":"https:\/\/www.lanzamarexplotaciones.es\/index.php\/wp-json\/wp\/v2\/comments?post=15"}],"version-history":[{"count":2,"href":"https:\/\/www.lanzamarexplotaciones.es\/index.php\/wp-json\/wp\/v2\/pages\/15\/revisions"}],"predecessor-version":[{"id":17,"href":"https:\/\/www.lanzamarexplotaciones.es\/index.php\/wp-json\/wp\/v2\/pages\/15\/revisions\/17"}],"wp:attachment":[{"href":"https:\/\/www.lanzamarexplotaciones.es\/index.php\/wp-json\/wp\/v2\/media?parent=15"}],"curies":[{"name":"wp","href":"https:\/\/api.w.org\/{rel}","templated":true}]}}